{"id":32,"date":"2026-04-13T14:28:17","date_gmt":"2026-04-13T14:28:17","guid":{"rendered":"https:\/\/sakari.kestinen.net\/?page_id=32"},"modified":"2026-04-14T21:42:20","modified_gmt":"2026-04-14T21:42:20","slug":"my-professional-experience","status":"publish","type":"page","link":"https:\/\/sakari.kestinen.net\/index.php\/my-professional-experience\/","title":{"rendered":"My Professional Experience"},"content":{"rendered":"\n<p>Over the years, I have worked as a <strong>copywriter<\/strong>, <strong>language tutor<\/strong> and occasionally a <strong>translator<\/strong> <strong>(literature, business articles, TV)<\/strong>. I have also had my essays published in multiple sites, magazines and newspapers. <\/p>\n\n\n\n<p>My career wouldn&#8217;t&#8217;ve probably started had I not started writing my own blog <a href=\"https:\/\/protoakvareles.lt\/2018\/11\/18\/latvijai-100-viskas-ka-noretume-suzinoti-apie-latvija-ir-baltus-bet-ne-nesugalvojame-paklausti\/\">protoakvareles.lt<\/a>. That blog was launched in 2016 when I was only 19 years old, I wrote it together with my friends. At the time, I did not feel like I had much of a chance in perfecting my writing skills otherwise. And it worked!<br><br>Please find a breakdown of my professional experience below. Make sure you don&#8217;t miss an opportunity to connect via <a href=\"https:\/\/www.linkedin.com\/in\/saule-kubiliute\/\">my LinkedIn<\/a>!<\/p>\n\n\n\n<h2 class=\"wp-block-heading\">Copywriter<\/h2>\n\n\n\n<figure class=\"wp-block-table\"><table class=\"has-fixed-layout\"><tbody><tr><td>Boozt.com &#8211; The Nordic Online Department Store<\/td><td>2021 &#8211; 2024<\/td><td>Helped setting up the page for the Lithuanian and Latvian markets (category naming, Meta Titles and Descriptions, SEO copies).<br><br>Introduced guidelines to the AI proofreaders in respective languages. <br><br>1000+ brand FAQs covered in the span of 2 years.<\/td><\/tr><tr><td>Freelance Copywriter (Business ID: 3535656-8). Working for agencies like Batlink, WhitePress and their clients<\/td><td>2024 &#8211;<\/td><td>Category copies, paid articles in topics like fashion, sport equipment, steel industry, credit loans, and domain registration.<br><br>Copywriting, internal linking with pages that are yet to go live. <br><br>Most copies have been written in Latvian.<\/td><\/tr><\/tbody><\/table><\/figure>\n\n\n\n<p><\/p>\n\n\n\n<h2 class=\"wp-block-heading\">Language Tutor<\/h2>\n\n\n\n<figure class=\"wp-block-table\"><table class=\"has-fixed-layout\"><tbody><tr><td>Lithuanian Language Teacher<\/td><td>April 2022 &#8211; July 2022<\/td><td>Volunteer at Vilnius Municipality (trained by Vilnius University)<\/td><\/tr><tr><td>Lithuanian Language Tutor<\/td><td>Late 2022 &#8211;<\/td><td>Group courses for beginner levels, Individual courses (online)<\/td><\/tr><tr><td>Latvian Language Tutor<\/td><td>March 2026 &#8211;<\/td><td>Group course for beginners<\/td><\/tr><\/tbody><\/table><\/figure>\n\n\n\n<p><\/p>\n\n\n\n<h2 class=\"wp-block-heading\">Occasional Author &amp; Translator<\/h2>\n\n\n\n<figure class=\"wp-block-table\"><table class=\"has-fixed-layout\"><tbody><tr><td>Publications in Lithuanian<\/td><td>My essays, articles, short stories, movie reviews, as well as my translation works have been published by leading cultural magazines and newspapers, including <a href=\"https:\/\/literaturairmenas.lt\/atmintis\/saule-kubiliute-inoottii-muziejus-tampereje-perspeja-iits-a-long-story\">Literat\u016bra ir Menas<\/a>, <a href=\"https:\/\/www.satenai.lt\/2025\/12\/05\/prasom-pakartoti\/\">\u0160iaur\u0117s At\u0117nai<\/a> or <a href=\"https:\/\/www.bernardinai.lt\/ka-as-suzinojau-apie-kalbos-mokymasi-destydama-ukrainieciams\/\">Bernardinai.lt<\/a>.<br><br>In 2020, I solely translated several issues for Forbes Baltics.<br><\/td><td>Since 2018<\/td><\/tr><tr><td>Publications in Latvian<\/td><td>My essays have been published by cultural sites like <a href=\"https:\/\/www.punctummagazine.lv\/2023\/03\/01\/saule-ka-tu-iemacijies-latviesu-valodu\/\">punctum.lv<\/a> or <a href=\"https:\/\/www.kinoraksti.lv\/domas\/partizani-serialos-lietuva-latvija-un-igaunija-829\">kinoraksti.lv<\/a>. <br><br>Article analysing the portrayal of the Partisan War (Kino Raksti, 2021) in the Balitcs has been translated into English by Will Mawhood for <a href=\"https:\/\/deepbaltic.com\/2022\/05\/12\/baltic-partisans-on-screen-room-for-improvement-2\/\">Deep Baltic<\/a>.<\/td><td>Since 2021<\/td><\/tr><tr><td>Publications in English<\/td><td>&#8216;My Grandma \u2014 an Ordinary Hero of Lithuania\u2019s Resistance&#8217;, my essay on intergenerational trauma caused by the Soviet mass deportations in the Baltics has been published by <a href=\"https:\/\/cepa.org\/article\/my-grandma-an-ordinary-hero-of-lithuanias-resistance\/\">cepa org<\/a>.<\/td><td>Since 2022<\/td><\/tr><\/tbody><\/table><\/figure>\n\n\n\n<h2 class=\"wp-block-heading\">Translations for Television<\/h2>\n\n\n\n<figure class=\"wp-block-table\"><table class=\"has-fixed-layout\"><tbody><tr><td>Collaboration with the Lithuanian National Television and Radio (LRT) and Latvian National Television (LTV). <br><br>Translation of cultural news the countries were willing to exchange.<\/td><td>2022<\/td><\/tr><tr><td>Translation of German news stories into Latvian for a European public service channel &#8211; via TransPerfect<\/td><td>2025<\/td><\/tr><\/tbody><\/table><\/figure>\n\n\n\n<p><\/p>\n","protected":false},"excerpt":{"rendered":"<p>Over the years, I have worked as a copywriter, language tutor and occasionally a translator (literature, business articles, TV). I have also had my essays published in multiple sites, magazines and newspapers. My career wouldn&#8217;t&#8217;ve probably started had I not started writing my own blog protoakvareles.lt. That blog was launched in 2016 when I was &#8230; <a title=\"My Professional Experience\" class=\"read-more\" href=\"https:\/\/sakari.kestinen.net\/index.php\/my-professional-experience\/\">Read more<span class=\"screen-reader-text\">My Professional Experience<\/span><\/a><\/p>\n","protected":false},"author":2,"featured_media":0,"parent":0,"menu_order":0,"comment_status":"closed","ping_status":"closed","template":"","meta":{"footnotes":""},"class_list":["post-32","page","type-page","status-publish"],"_links":{"self":[{"href":"https:\/\/sakari.kestinen.net\/index.php\/wp-json\/wp\/v2\/pages\/32","targetHints":{"allow":["GET"]}}],"collection":[{"href":"https:\/\/sakari.kestinen.net\/index.php\/wp-json\/wp\/v2\/pages"}],"about":[{"href":"https:\/\/sakari.kestinen.net\/index.php\/wp-json\/wp\/v2\/types\/page"}],"author":[{"embeddable":true,"href":"https:\/\/sakari.kestinen.net\/index.php\/wp-json\/wp\/v2\/users\/2"}],"replies":[{"embeddable":true,"href":"https:\/\/sakari.kestinen.net\/index.php\/wp-json\/wp\/v2\/comments?post=32"}],"version-history":[{"count":10,"href":"https:\/\/sakari.kestinen.net\/index.php\/wp-json\/wp\/v2\/pages\/32\/revisions"}],"predecessor-version":[{"id":72,"href":"https:\/\/sakari.kestinen.net\/index.php\/wp-json\/wp\/v2\/pages\/32\/revisions\/72"}],"wp:attachment":[{"href":"https:\/\/sakari.kestinen.net\/index.php\/wp-json\/wp\/v2\/media?parent=32"}],"curies":[{"name":"wp","href":"https:\/\/api.w.org\/{rel}","templated":true}]}}